9211?
157, 823
What are the prime factors of 12454293?
3, 23, 180497
List the prime factors of 123465.
3, 5, 8231
List the prime factors of 21624725.
5, 864989
List the prime factors of 845148.
2, 3, 70429
What are the prime factors of 907389?
3, 7, 4801
List the prime factors of 559537.
11, 50867
List the prime factors of 15355.
5, 37, 83
List the prime factors of 1888044.
2, 3, 43, 3659
What are the prime factors of 283199?
7, 23, 1759
What are the prime factors of 328841?
499, 659
What are the prime factors of 853568?
2, 13337
What are the prime factors of 9331397?
9331397
What are the prime factors of 24592928?
2, 29, 26501
List the prime factors of 103751.
17, 359
List the prime factors of 124280.
2, 5, 13, 239
List the prime factors of 1164023.
7, 166289
List the prime factors of 705810.
2, 3, 5, 7, 3361
List the prime factors of 33367300.
2, 5, 333673
List the prime factors of 30836439.
3, 911, 3761
List the prime factors of 3264127.
131, 24917
List the prime factors of 2886428.
2, 29, 149, 167
List the prime factors of 265571.
265571
List the prime factors of 21076850.
2, 5, 191, 2207
What are the prime factors of 14062887?
3, 1562543
List the prime factors of 272470.
2, 5, 11, 2477
What are the prime factors of 582860?
2, 5, 151, 193
List the prime factors of 90759.
3, 30253
List the prime factors of 254833.
254833
List the prime factors of 4223165.
5, 211, 4003
List the prime factors of 255526.
2, 127763
List the prime factors of 10611122.
2, 79, 239, 281
List the prime factors of 2856642.
2, 3, 476107
What are the prime factors of 539093?
539093
What are the prime factors of 22662386?
2, 107, 105899
List the prime factors of 3808276.
2, 193, 4933
What are the prime factors of 4447081?
17, 261593
List the prime factors of 91271.
107, 853
What are the prime factors of 1050136?
2, 131267
What are the prime factors of 905819?
905819
List the prime factors of 202340.
2, 5, 67, 151
What are the prime factors of 3607606?
2, 19, 139, 683
List the prime factors of 197637.
3, 11, 53, 113
What are the prime factors of 1697580?
2, 3, 5, 9431
What are the prime factors of 243048?
2, 3, 13, 19, 41
List the prime factors of 24965.
5, 4993
What are the prime factors of 1011504?
2, 3, 13, 1621
What are the prime factors of 241258?
2, 71, 1699
List the prime factors of 146905.
5, 11, 2671
List the prime factors of 8357768.
2, 41, 83, 307
List the prime factors of 181764.
2, 3, 11, 17
List the prime factors of 35824099.
35824099
List the prime factors of 488842.
2, 23, 10627
List the prime factors of 22456790.
2, 5, 2245679
What are the prime factors of 12885777?
3, 59, 8089
What are the prime factors of 8263055?
5, 1652611
What are the prime factors of 18072?
2, 3, 251
What are the prime factors of 1830742?
2, 457, 2003
What are the prime factors of 61793?
61, 1013
List the prime factors of 186296.
2, 11, 29, 73
List the prime factors of 62811.
3, 7, 997
What are the prime factors of 6152501?
41, 150061
What are the prime factors of 1324908?
2, 3, 13, 19, 149
List the prime factors of 11407457.
11407457
What are the prime factors of 687612?
2, 3, 57301
List the prime factors of 156600.
2, 3, 5, 29
What are the prime factors of 279800?
2, 5, 1399
What are the prime factors of 492683?
23, 31, 691
List the prime factors of 73988.
2, 53, 349
What are the prime factors of 40916?
2, 53, 193
List the prime factors of 2537813.
433, 5861
List the prime factors of 14676771.
3, 4892257
List the prime factors of 127998.
2, 3, 13, 547
What are the prime factors of 35468?
2, 8867
What are the prime factors of 69221?
69221
List the prime factors of 573058.
2, 349, 821
What are the prime factors of 1641330?
2, 3, 5, 6079
List the prime factors of 1032428.
2, 258107
What are the prime factors of 2532341?
7, 361763
List the prime factors of 4835219.
47, 102877
What are the prime factors of 1515332?
2, 7, 13, 23, 181
What are the prime factors of 5109398?
2, 7, 163, 2239
What are the prime factors of 141069?
3, 59, 797
List the prime factors of 3115920.
2, 3, 5, 12983
List the prime factors of 3544133.
3544133
What are the prime factors of 5430739?
97, 55987
What are the prime factors of 859569?
3, 181, 1583
What are the prime factors of 41191?
17, 2423
List the prime factors of 5651690.
2, 5, 11, 191, 269
List the prime factors of 169425.
3, 5, 251
What are the prime factors of 1161573?
3, 7, 55313
List the prime factors of 674136.
2, 3, 3121
What are the prime factors of 638357?
97, 6581
What are the prime factors of 11334481?
11334481
What are the prime factors of 456803?
23, 19861
List the prime factors of 228696.
2, 3, 13, 733
List the prime factors of 20798288.
2, 7, 185699
What are the prime factors of 1403553?
3, 41, 11411
What are the prime factors of 548719?
548719
List the prime factors of 326798.
2, 53, 3083
List the prime factors of 15432585.
3, 5, 7, 146977
List the prime factors of 1781198.
2, 31, 28729
What are the prime factors of 4729404?
2, 3, 19, 20743
List the prime factors of 20664309.
3, 6888103
What are the prime factors of 240061?
67, 3583
What are the prime factors of 481437?
3, 11, 1621
List the prime factors of 5780211.
3, 859, 2243
What are the prime factors of 2438426?
2, 1219213
List the prime factors of 1110376.
2, 138797
List the prime factors of 837961.
31, 27031
List the prime factors of 2198676.
2, 3, 43, 4261
List the prime factors of 3060156.
2, 3, 11, 97, 239
List the prime factors of 2092030.
2, 5, 209203
List the prime factors of 40412.
2, 10103
List the prime factors of 20119665.
3, 5, 463, 2897
List the prime factors of 3971375.
5, 31771
What are the prime factors of 1201014?
2, 3, 23, 967
List the prime factors of 3203220.
2, 3, 5, 197, 271
List the prime factors of 327786.
2, 3, 54631
What are the prime factors of 113393?
7, 97, 167
What are the prime factors of 3347186?
2, 67, 24979
What are the prime factors of 381973?
17, 22469
What are the prime factors of 1111481?
7, 19, 61, 137
What are the prime factors of 1882260?
2, 3, 5, 10457
List the prime factors of 5031397.
7, 41, 47, 373
List the prime factors of 149872.
2, 17, 19, 29
What are the prime factors of 40845?
3, 5, 7, 389
What are the prime factors of 561461?
561461
What are the prime factors of 237996?
2, 3, 11, 601
List the prime factors of 366386.
2, 29, 6317
List the prime factors of 30048983.
30048983
List the prime factors of 17328240.
2, 3, 5, 41, 587
List the prime factors of 435716.
2, 108929
List the prime factors of 3970812.
2, 3, 23, 14387
List the prime factors of 1212765.
3, 5, 233, 347
List the prime factors of 3149975.
5, 163, 773
What are the prime factors of 1500710?
2, 5, 31, 47, 103
List the prime factors of 26821225.
5, 1072849
List the prime factors of 650147.
71, 9157
What are the prime factors of 28138510?
2, 5, 2813851
List the prime factors of 87185.
5, 7, 47, 53
What are the prime factors of 17332256?
2, 19, 29, 983
List the prime factors of 10775251.
37, 41, 7103
List the prime factors of 2624891.
37, 61, 1163
List the prime factors of 5201298.
2, 3, 101, 2861
What are the prime factors of 536589?
3, 59621
What are the prime factors of 1191186?
2, 3, 19, 43
What are the prime factors of 4485947?
59, 139, 547
List the prime factors of 1814751.
3, 67213
What are the prime factors of 1684911?
3, 23, 24419
List the prime factors of 159699.
3, 53233
What are the prime factors of 255773?
7, 61, 599
List the prime factors of 12938221.
19, 680959
List the prime factors of 1133957.
11, 103087
What are the prime factors of 22957899?
3, 61, 125453
What are the prime factors of 310517?
19, 59, 277
What are the prime factors of 69003?
3, 11, 17, 41
What are the prime factors of 920110?
2, 5, 101, 911
What are the prime factors of 707934?
2, 3, 117989
List the prime factors of 577740.
2, 3, 5, 9629
List the prime factors of 19399.
19, 1021
List the prime factors of 30528.
2, 3, 53
What are the prime factors of 1015818?
2, 3, 17, 23, 433
What are the prime factors of 6838354?
2, 1597, 2141
What are the prime factors of 311159?
379, 821
List the prime factors of 14347.
14347
List the prime factors of 576378.
2, 3, 11, 41, 71
What are the prime factors of 6200750?
2, 5, 17, 1459
What are the prime factors of 116628?
2, 3, 9719
What are the prime fac